s 3 a factor of d?
True
Let z(l) = -41*l + 10. Is z(-3) a multiple of 9?
False
Suppose 4*i - 16 = 0, 2*f = i + 2 + 10. Is 7 a factor of f?
False
Is 4 a factor of 4 - (-3 - 3/3)?
True
Let z(k) = k**3 + 6*k**2 - 7*k + 10. Let o be z(-7). Suppose o = 3*f - f. Suppose m - 20 - 21 = f*d, -25 = -m + d. Does 14 divide m?
False
Let p = -38 + 66. Does 14 divide p?
True
Suppose 2*z + 14 = 4*z. Is 5 a factor of z?
False
Let r be (0 - -1)/((-1)/(-3)). Suppose 3*k - r*z = k + 87, 3*z = 3*k - 123. Does 12 divide k?
True
Let y be -68 + -1*2*1. Let c = -178 - -309. Let l = c + y. Does 16 divide l?
False
Suppose 2*f - 2 = -4*u, -5*u = -3*u - 2*f - 10. Suppose -c = -u*c + 8. Is c a multiple of 3?
False
Suppose 3*u = u + 8. Does 12 divide 1160/32 - 1/u?
True
Let u be (-55)/(-10) - 2/4. Let p = u - 1. Suppose 0 = -4*z + p*s + 70 + 18, -3*z + s = -56. Is 7 a factor of z?
False
Let x(a) = -a**3 - a**2 - a + 1. Let s(u) = -4*u**3 + 9*u**2 - 5. Let f(y) = -s(y) + 5*x(y). Is f(-14) a multiple of 20?
True
Suppose w + 1 = 4*d, -w - 2*d = -6*w + 85. Suppose a + 32 = 2*z, z - 3*a - w = -4*a. Does 17 divide z?
True
Suppose 0 = -c - 13*c + 2380. Is 11 a factor of c?
False
Suppose 3*r = -r + 176. Suppose z = 3*z - r. Is z a multiple of 11?
True
Suppose -2*b + 3*b - 4 = 0. Let c(a) = -a**3 + 5*a**2 - 2*a. Does 3 divide c(b)?
False
Suppose -20 = -4*w, 0*w = -s - w + 31. Is 26 a factor of s?
True
Suppose 3*x + 0*x = 9, -4*k + 25 = -5*x. Let h(u) = u**3 - 10*u**2 + u - 5. Does 4 divide h(k)?
False
Let f be ((-28)/6)/(2/(-6)). Let c = f + -10. Is c even?
True
Suppose -3 = -2*k + 5. Suppose -w - k*w + 220 = 0. Is w a multiple of 23?
False
Let k(w) = -9*w - 9. Is 6 a factor of k(-5)?
True
Is 3 a factor of (2 - (-20)/(-7))/(4/(-28))?
True
Suppose 2*f = 4 + 4. Suppose -129 = -4*h - 5*i, 3*i = f + 11. Is h a multiple of 13?
True
Let p(t) = 40*t - 1. Let z be p(1). Suppose 123 = 4*r + z. Is 7 a factor of r?
True
Suppose 2*l - 220 = 124. Suppose 4*m = -j + l, -2*j - 46 - 50 = -2*m. Is m a multiple of 22?
True
Suppose -7*h = -10*h. Suppose -8*k + 5*k + 219 = h. Does 33 divide k?
False
Suppose 0 = 2*y - 5*q - 98, 0 = -4*y + 3*q + 77 + 147. Let l = y + 13. Suppose 0 = -v - 3*v + l. Is 18 a factor of v?
True
Let y(n) = -7*n + 33. Is 13 a factor of y(-14)?
False
Let j = 95 - -220. Is j a multiple of 41?
False
Suppose 15 = c - 3*r, 4*c + 8*r - 4*r = -20. Let s be (2/3 - c)*60. Suppose -s = -2*j + 22. Is j a multiple of 13?
False
Suppose -2*m - m = -12. Suppose -5*w + 15 = -4*i + 2*i, -i = -m*w + 9. Let f = 0 - i. Is f a multiple of 5?
True
Suppose 3*v + 27 = 5*w - 3*w, 4*v + 20 = 0. Does 6 divide w?
True
Let w(g) = -g + 2. Does 6 divide w(-9)?
False
Is (-4)/(-7) - (-68)/28 even?
False
Suppose 96 = 8*o - 6*o. Is 12 a factor of o?
True
Suppose -3*z + 2*s + 7 + 13 = 0, z = 5*s + 11. Is 5 a factor of 110/z + (-1)/3?
False
Let h = 45 - -22. Let q = h + -37. Does 10 divide q?
True
Let b(u) = u**3 - 7*u**2 + u - 6. Let w be b(7). Let p(n) = -w + n + 6*n + 1. Does 21 divide p(3)?
True
Suppose 0 = -5*t - 64 + 289. Is t a multiple of 9?
True
Suppose f - 24 = -3*f. Let w(c) = -c**3 + 8*c**2 - 8*c + 3. Is w(f) a multiple of 9?
True
Is 8*(4 - (-3)/3) a multiple of 20?
True
Let q = -1 - -1. Suppose 0 = 5*j + 2*o - 316, -j - o = -q*o - 62. Does 22 divide j?
False
Suppose -3*l - 2*d - 2*d = -64, -2*l = -2*d - 24. Is 16 a factor of l?
True
Let q(p) = 128*p**2 + 6*p - 5. Is q(1) a multiple of 11?
False
Suppose -4*z + 6 + 6 = 0, 47 = n - 2*z. Is 5 a factor of n?
False
Let h = 2 - -2. Let i be (-1)/((-2)/(h/2)). Let x(j) = 3*j. Does 3 divide x(i)?
True
Suppose 77 = f - 4*y - 14, 0 = 3*f + 3*y - 258. Is f a multiple of 22?
False
Suppose o - 156 = -g, -o - 337 = -2*g + 2*o. Is g a multiple of 25?
False
Suppose -2*m + m = -3*k - 1, 0 = 5*m - 20. Let s be k/(-1) + 3 + 14. Suppose s = z + 6. Does 10 divide z?
True
Let k = 2 - 2. Let d(h) = -h + k*h - 2*h + h - 12. Does 3 divide d(-8)?
False
Let q(g) = 2*g**3 + 2*g**2 + 3*g - 3. Is q(2) a multiple of 9?
True
Suppose 5 = 3*h + 23. Let t = 8 + h. Suppose w + t = 5. Does 2 divide w?
False
Suppose 0*k - 12 = -4*k. Suppose 0 = -f - k*f + 68. Is 14 a factor of f?
False
Let w(o) = -3*o + 5. Let x(h) = 1. Let g(b) = -2*b + 8. Let u(a) = g(a) - 3*x(a). Let y(z) = -5*u(z) + 4*w(z). Is 3 a factor of y(-6)?
False
Let k = -6 + 8. Let n be (1 - 59)*k/4. Let r = 5 - n. Is 12 a factor of r?
False
Suppose 3*s + 2*s = 25. Let h(v) = 10*v + 7. Is h(s) a multiple of 19?
True
Is 26 a factor of 0 - (-9)/((-36)/(-728))?
True
Let f(m) = -60*m + 4. Let c be f(-6). Is ((-5)/(-4))/(13/c) a multiple of 9?
False
Let m(f) = -f**3 + 4*f**2 - 5*f + 1. Let j be m(2). Let s(n) be the first derivative of -27*n**2/2 + n - 1. Does 14 divide s(j)?
True
Let y(n) = -3*n**3 + 6*n**2 + 10*n - 7. Let o(k) = -4*k**3 + 6*k**2 + 11*k - 6. Let g(z) = 2*o(z) - 3*y(z). Let r be g(7). Is 32 - -2*(r - 3) a multiple of 14?
False
Let b(k) = 0*k - 10 + 0*k + 0*k + k. Let t be b(0). Let g = 30 + t. Does 10 divide g?
True
Suppose -57 = -10*a - 7. Is a a multiple of 3?
False
Suppose 0*s = 5*s - 60. Is s + (2 + -2)/2 a multiple of 12?
True
Let g be (-2)/10 - (-303)/15. Let p = -4 + 4. Suppose p = 3*u - 4*u + g. Is u a multiple of 8?
False
Let k = -205 - -249. Is 5 a factor of k?
False
Suppose -l + 6 = 5. Let a = l - 0. Let m = a - -9. Is m a multiple of 10?
True
Is 198 - (-4 - 1/(1/(-4))) a multiple of 33?
True
Let s(k) = 2*k**2 + 6*k + 3. Let i = -17 - -12. Is s(i) a multiple of 7?
False
Suppose -2*v + 0*q = -3*q - 145, 4*v - 285 = 5*q. Is 13 a factor of v?
True
Let o = -67 + 163. Is 16 a factor of o?
True
Is -18*44/(-16)*(-8)/(-12) a multiple of 2?
False
Let a(r) = -3*r + r - 2*r - 14. Does 10 divide a(-11)?
True
Suppose 3*p - 5*p = -3*f - 250, 0 = -5*f - 10. Is 11 a factor of p?
False
Is 519/4 + 6*(-1)/8 a multiple of 13?
False
Let i(h) = h - 1. Let p be i(-8). Let g = p - -24. Is 5 a factor of g?
True
Let k(l) = -11*l**2 + 18*l + 14. Let r(t) = -4*t**2 + 6*t + 5. Let p(y) = 3*k(y) - 8*r(y). Let m be p(6). Suppose -32 = -m*w + 6. Is w a multiple of 11?
False
Let d = 233 + -161. Is d a multiple of 18?
True
Suppose -2*p - 2*p + 588 = 0. Is p a multiple of 7?
True
Let h(p) = p**3 + 8*p**2 + 7*p - 4. Let d be h(-8). Is (-4)/(-5)*d/(-2) a multiple of 7?
False
Let k(t) = 2*t**2 - 5*t - 6. Let p be k(5). Is (p - -1)/((-1)/(-2)) a multiple of 15?
False
Let j = 5 - 3. Suppose -3*t + 151 = -0*t + 4*x, x = j*t - 108. Is t a multiple of 21?
False
Let h(l) = -2*l**3 + 6*l**2 - l + 3. Let f be h(3). Suppose -4*p - 1 + 129 = f. Is 8 a factor of p?
True
Suppose 98 - 8 = 2*k. Does 18 divide k?
False
Let y = 14 - 27. Is y/39 + 46/3 a multiple of 9?
False
Is 35 a factor of -1*(3 + -2) - -211?
True
Let s(j) = 3*j + 3. Is s(3) a multiple of 12?
True
Let g(n) = -n**2 + n + 1. Let o be g(-1). Let l(j) = -j + 1. Let t be l(o). Is (0 + 14)/t - -3 a multiple of 10?
True
Is (-42)/14 - -1*26 a multiple of 20?
False
Let k be (0 - 0)/(4 + -2). Suppose k*j + 80 = 4*j. Does 10 divide j?
True
Suppose 4*b - 14 - 54 = 0. Does 17 divide b?
True
Suppose -115 = -h + 81. Is h a multiple of 49?
True
Let p be 1*1/((-1)/5). Let t = p - -14. Is 9 a factor of 40/3*t/6?
False
Is 25 a factor of (200/(-6))/(2/(-18)*3)?
True
Let o = 76 - 73. Is o a multiple of 3?
True
Suppose 4*v + 173 - 37 = 0. Let h = v + 50. Let s = h - 4. Does 6 divide s?
True
Let x = 5 - 1. Let g(j) = j**3 - 4*j**2 + 5*j + 4. Is 12 a factor of g(x)?
True
Suppose -6*z + 93 = -3*z. Is z a multiple of 9?
False
Suppose 0 = -5*z + v + 3*v - 6, 0 = -z - v + 6. Let u be (-17)/(-3) + z/(-3). Let h(d) = -d**2 + 6*d + 7. Does 8 divide h(u)?
False
Let w(s) = -s**2 + 11*s - 10. Let z be w(10). Suppose -r + 64 = -z*r. Does 26 divide r?
False
Let d(h) = -h - 4. Let b be d(-2). Let w be ((-12)/18)/(b/6). Suppose v = w, -2*g + 85 = -3*v - 7. Is 14 a factor of g?
False
Suppose -u - 8 = -2*u. Let m = -40 - u. Does 6 divide (1/3)/((-2)/m)?
False
Let k(b) = -b**2 + 9*b - 1. Let u be k(6). Suppose -u = -w - o, 4*o = -w + 6 + 2. Is w a multiple of 10?
True
Let y(u) = -2*u - 8. Let s be y(-6). Suppose -s = -4*x - 3*j - 3, 2*j = -5*x + 10. Suppose -74 = -x*g + 62. Is g a multiple of 17?
True
Let w = 349 + -247. Is 17 a factor of w?
True
Does 30 divide 4/(-3) + 11/((-132)/(-2440))?
False
Let y(m) be the second deriva